 7
-256655665
What is 3830274 (base 9) in base 5?
1013233002
What is 7223040 (base 8) in base 12?
781600
-313123103 (base 4) to base 12
-ab46b
1000111110100000111 (base 2) to base 16
47d07
Convert 12012011210 (base 3) to base 12.
4b179
What is -201112221101 (base 3) in base 4?
-1131331210
What is -852061 (base 10) in base 6?
-30132421
Convert -50024534 (base 6) to base 2.
-101010110100111001010
What is -505007 (base 8) in base 5?
-20311112
8507783 (base 9) to base 11
262a413
-14230023 (base 5) to base 8
-442433
3451aa (base 14) to base 4
12302313102
What is 1764657 (base 8) in base 14?
d6db1
-9a019 (base 12) to base 7
-1506351
What is -15d08 (base 16) in base 15?
-1b71c
Convert 21080a (base 11) to base 6.
11123305
-11000101010000010 (base 2) to base 5
-11212434
-2112122110102 (base 3) to base 12
-551b18
Convert -109b93 (base 12) to base 15.
-53c89
What is 78a347 (base 11) in base 16?
1332e1
-120818 (base 11) to base 16
-2eb58
a53a (base 13) to base 12
11294
-1711701 (base 8) to base 9
-836152
-12dc34 (base 14) to base 6
-21553514
What is 10011110001000010 (base 2) in base 3?
11010001121
Convert 408164 (base 10) to base 4.
1203221210
Convert -3203130223 (base 5) to base 12.
-22a9017
415107 (base 8) to base 11
94592
Convert -2291328 (base 12) to base 9.
-13467605
Convert -411473 (base 8) to base 12.
-6684b
What is -24043404 (base 5) in base 3?
-102021011012
What is -24343233 (base 5) in base 7?
-1651445
15741265 (base 8) to base 2
1101111100001010110101
Convert -13d1ce (base 15) to base 4.
-3221102120
What is 2003410032 (base 5) in base 2?
1111001000010100111011
22430220 (base 5) to base 15
3ec75
Convert -1100011000001001011 (base 2) to base 14.
-a7b3d
-1b399 (base 14) to base 10
-69323
-7b039 (base 13) to base 12
-a9866
-89b50 (base 12) to base 9
-308126
What is -6a2033 (base 16) in base 6?
-405023203
What is -3a47a (base 15) in base 12?
-90014
Convert -22112201001 (base 3) to base 4.
-221003320
-4ba33 (base 12) to base 10
-103431
Convert -c729d0 (base 15) to base 6.
-535033353
-3f073a (base 16) to base 11
-2371438
Convert 220303153 (base 6) to base 4.
33002223231
21314204 (base 5) to base 2
101100100010011101
What is 4d749 (base 14) in base 11?
120370
What is 110001011 (base 4) in base 15?
1945e
10625357 (base 9) to base 11
2a00580
Convert 3a6b61 (base 13) to base 7.
15011140
-12235150 (base 7) to base 16
-10ce91
12220222120 (base 3) to base 6
2255540
What is -312311414 (base 5) in base 6?
-43403032
Convert 97992 (base 10) to base 11.
67694
117a12 (base 11) to base 2
101101011101111000
Convert 110220311 (base 4) to base 2.
10100101000110101
What is -8125b (base 16) in base 12?
-216163
-10120212220011 (base 3) to base 8
-7214453
What is 13789a4 (base 11) in base 9?
4410650
Convert 10000111000111001111000 (base 2) to base 11.
25543a5
Convert -1101100010001 (base 3) to base 8.
-2633302
What is -1449b8 (base 13) in base 10?
-495997
Convert 84aab (base 12) to base 16.
2a923
What is -4524524 (base 8) in base 2?
-100101010100101010100
-2222212212 (base 3) to base 13
-20ab9
Convert 3344142010 (base 5) to base 10.
7412130
What is 2216 (base 7) in base 5?
11142
What is -32311310200 (base 4) in base 15?
-51cae4
-859a7 (base 13) to base 16
-3adeb
What is 12b18a0 (base 13) in base 9?
12062703
-1964897 (base 10) to base 12
-7a9115
What is 18727 (base 10) in base 9?
27617
What is -71aa22 (base 12) in base 8?
-6627072
What is -5215325 (base 7) in base 4?
-2120313131
1140150 (base 15) to base 4
233013310200
1a94777 (base 14) to base 3
220221222111100
What is -10100101101110101 (base 2) in base 8?
-245565
139549 (base 11) to base 16
3520b
Convert 122200202202200 (base 3) to base 4.
203313320121
Convert -12102421343 (base 5) to base 3.
-222112202011021
Convert 19043a7 (base 11) to base 13.
88c983
Convert 1034535 (base 6) to base 8.
144633
What is 100001001000111101110 (base 2) in base 11?
681973
What is -11111100110110101000 (base 2) in base 14?
-1cd61a
What is -34410103 (base 5) in base 6?
-10351152
848633 (base 9) to base 15
9e959
-40215 (base 7) to base 2
-10010111110010
Convert 783535 (base 9) to base 3.
212210121012
Convert 51443006 (base 7) to base 12.
15400bb
What is -64b120 (base 13) in base 9?
-4406033
What is -412223440 (base 5) in base 10?
-1679870
195481 (base 11) to base 12
125780
919bc (base 13) to base 5
31322142
What is 21000233 (base 4) in base 8?
110057
461303 (base 7) to base 5
10112002
-11011101011011111110 (base 2) to base 12
-378a7a
-2a758c3 (base 13) to base 9
-27485755
-2768a (base 15) to base 6
-2412551
356434 (base 9) to base 5
23332211
4155c (base 14) to base 11
a8345
What is -3403304342 (base 5) in base 7?
-120365566
Convert -11100110111001101000111 (base 2) to base 14.
-100d4b5
417014 (base 14) to base 13
5c4584
Convert 465291 (base 13) to base 5.
411333404
Convert -18179 (base 15) to base 8.
-230214
-301223331 (base 4) to base 10
-203517
What is af6d (base 16) in base 15?
d48e
What is 1300122023 (base 4) in base 3?
212101120212
Convert 474357 (base 15) to base 13.
923482
What is -5601cd (base 15) in base 4?
-33221032303
Convert 1c56c2a (base 13) to base 14.
137a528
1102297 (base 11) to base 14
38558a
-4749117 (base 10) to base 9
-8837506
Convert 22202022001102 (base 3) to base 8.
21574062
-7368283 (base 9) to base 2
-1111000010100100001101
What is -869557 (base 16) in base 2?
-100001101001010101010111
What is 6d43b (base 15) in base 8?
1250645
2041676 (base 8) to base 16
843be
What is 10fd4 (base 16) in base 7?
406611
-223424103 (base 5) to base 10
-998653
Convert -330201322 (base 4) to base 14.
-664d4
What is 2b110 (base 16) in base 11?
110594
Convert -246271 (base 8) to base 14.
-23081
Convert 2532335 (base 7) to base 15.
67015
What is 4156245 (base 8) in base 4?
10031302211
Convert 32e0a (base 16) to base 2.
110010111000001010
-1438344 (base 9) to base 16
-c1b5b
What is -74c3ba (base 13) in base 5?
-1200142234
421a084 (base 11) to base 15
9bd594
106202a (base 13) to base 10
5002605
Convert -2992345 (base 11) to base 13.
-10a6aa3
Convert -3605411 (base 7) to base 15.
-90058
-4eed3c (base 15) to base 4
-32132320002
-17cd4 (base 15) to base 11
-52a66
What is -111000101001010 (base 2) in base 12?
-1494a
Convert -59964 (base 10) to base 13.
-213a8
-4362890 (base 11) to base 8
-35162654
-33003223002 (base 4) to base 13
-a8282c
What is -77ada (base 14) in base 8?
-1066740
1111100010010100010 (base 2) to base 3
221212100012
-13b108 (base 13) to base 16
-75828
1000101111000011010101 (base 2) to base 8
10570325
Convert -11041a7 (base 11) to base 9.
-3573606
What is 655781 (base 14) in base 2?
1101000110011011110101
What is 1110010011000010001 (base 2) in base 7?
3660611
Convert 1101011100101100101100 (base 2) to base 8.
15345454
215946 (base 10) to base 3
101222020000
440444142 (base 5) to base 4
13031203303
Convert 4577410 (base 10) to base 16.
45d882
What is -2594a (base 16) in base 15?
-30920
-885a2 (base 12) to base 16
-2c14a
-617583 (base 12) to base 10
-1526643
Convert 5884a80 (base 11) to base 13.
2187702
Convert 31316 (base 11) to base 16.
b242
What is -3022300022 (base 4) in base 5?
-203033344
What is 403436 (base 10) in base 13?
111827
Convert -102534 (base 7) to base 13.
-8115
-11021120012021 (base 3) to base 12
-9183ba
Convert -4787311 (base 11) to base 16.
-7f43c5
Convert -15a2196 (base 11) to base 15.
-38cb0e
Convert -1201020100112 (base 3) to base 4.
-3132023201
What is 11112020 (base 3) in base 12?
1ab0
What is 1514 (base 14) in base 10?
3742
Convert 4301211011 (base 5) to base 9.
17847254
Convert -91258b (base 12) to base 4.
-20220312323
21121011201 (base 3) to base 11
a2415
Convert d27e (base 16) to base 7.
313050
101000000000 (base 2) to base 9
3454
What is 14712645 (base 9) in base 12?
2556312
What is 10221312 (base 4) in base 2?
100101001110110
What is -357580 (base 10) in base 6?
-11355244
What is 104995a (base 12) in base 14?
5a4818
What is 43920a (base 11) in base 13?
1b6a19
What is -10010453 (base 6) in base 2?
-1000100101101000001
What is -45660512 (base 7) in base 8?
-17200337
Convert 43124440 (base 5) to base 11.
229836
10023231332 (base 4) to base 12
44a712
What is -25634633 (base 7) in base 10?
-2345066
What is 564b23 (base 12) in base 9?
2528020
Convert 10134113 (base 6) to base 12.
121339
15421025 (base